6237809
What are the prime factors of 13264264?
2, 13, 127541
What are the prime factors of 3366991097?
463, 7272119
List the prime factors of 2406147627.
3, 13, 107, 653, 883
What are the prime factors of 49122830?
2, 5, 4912283
What are the prime factors of 385337366?
2, 19, 61, 166237
List the prime factors of 2216519414.
2, 4603, 240769
What are the prime factors of 1031697018?
2, 3, 11, 5210591
List the prime factors of 1396986318.
2, 3, 7, 13, 29, 9803
List the prime factors of 18419347.
17, 47, 23053
List the prime factors of 1619709760.
2, 5, 479, 10567
What are the prime factors of 5542515243?
3, 163, 547, 6907
List the prime factors of 2878517961.
3, 11, 47, 618637
List the prime factors of 2187385362.
2, 3, 181, 683, 983
List the prime factors of 433871918.
2, 216935959
List the prime factors of 4518681380.
2, 5, 59, 3829391
What are the prime factors of 282173940?
2, 3, 5, 19, 82507
What are the prime factors of 2690234883?
3, 7, 14234047
What are the prime factors of 315421490?
2, 5, 31542149
What are the prime factors of 27929893?
27929893
List the prime factors of 125488700.
2, 5, 41, 127, 241
List the prime factors of 171688434.
2, 3, 103, 277813
What are the prime factors of 433510922?
2, 13, 16673497
List the prime factors of 1971392222.
2, 30187, 32653
List the prime factors of 2340861951.
3, 101, 283, 27299
What are the prime factors of 33461757?
3, 7, 23, 3299
What are the prime factors of 1031268486?
2, 3, 171878081
List the prime factors of 16867250.
2, 5, 19, 53, 67
List the prime factors of 657140528.
2, 11, 431, 8663
List the prime factors of 556875304.
2, 1973, 35281
List the prime factors of 1087889542.
2, 47, 89, 109, 1193
List the prime factors of 53686213.
7, 269, 4073
What are the prime factors of 133734830?
2, 5, 13373483
List the prime factors of 35953226.
2, 449, 40037
List the prime factors of 2290024168.
2, 17, 41, 43, 9551
What are the prime factors of 4198262?
2, 43, 48817
What are the prime factors of 289519863?
3, 389, 248089
What are the prime factors of 33041279?
107, 109, 2833
List the prime factors of 57943144.
2, 7, 97, 10667
List the prime factors of 9185810.
2, 5, 918581
List the prime factors of 3563159698.
2, 7, 5437, 46811
List the prime factors of 36277491.
3, 12092497
List the prime factors of 241663693.
31, 7795603
List the prime factors of 301387131.
3, 101, 233, 1423
What are the prime factors of 5083391890?
2, 5, 37, 13738897
What are the prime factors of 137872552?
2, 2203, 7823
List the prime factors of 2052583050.
2, 3, 5, 7, 97, 2879
What are the prime factors of 143747769?
3, 11, 23, 189391
List the prime factors of 21321397.
31, 687787
What are the prime factors of 1416758761?
11, 23, 173, 32369
List the prime factors of 1858526658.
2, 3, 89, 1160129
List the prime factors of 68112098.
2, 17, 117841
What are the prime factors of 117803901?
3, 39267967
What are the prime factors of 1717736819?
19, 97, 293, 3181
What are the prime factors of 193304456?
2, 401, 60257
List the prime factors of 3776830505.
5, 7, 107909443
What are the prime factors of 22783837?
79, 288403
What are the prime factors of 2834746042?
2, 97, 14612093
What are the prime factors of 38911822?
2, 157, 123923
What are the prime factors of 514209414?
2, 3, 85701569
What are the prime factors of 3858222258?
2, 3, 11, 659, 29569
List the prime factors of 426857928.
2, 3, 7, 2540821
What are the prime factors of 785412219?
3, 857, 305489
List the prime factors of 63506018.
2, 19, 1671211
What are the prime factors of 13899467?
487, 28541
What are the prime factors of 11507858?
2, 5753929
List the prime factors of 1713008958.
2, 3, 389, 733937
List the prime factors of 19086535.
5, 13, 293639
What are the prime factors of 56142886?
2, 157, 178799
What are the prime factors of 429379770?
2, 3, 5, 14312659
List the prime factors of 215464111.
215464111
List the prime factors of 922699160.
2, 5, 43, 536453
What are the prime factors of 399961139?
399961139
List the prime factors of 191689413.
3, 83, 769837
What are the prime factors of 392735579?
392735579
What are the prime factors of 1244952393?
3, 67, 6193793
List the prime factors of 2744870612.
2, 11, 383, 162881
What are the prime factors of 5814483381?
3, 7, 92293387
What are the prime factors of 75786682?
2, 97, 390653
List the prime factors of 38342121.
3, 12780707
What are the prime factors of 98502046?
2, 17, 2897119
List the prime factors of 9734678.
2, 4867339
What are the prime factors of 413129698?
2, 61, 367, 9227
What are the prime factors of 643441794?
2, 3, 197, 544367
List the prime factors of 731276149.
47, 59, 307, 859
What are the prime factors of 50974209?
3, 11, 13, 39607
What are the prime factors of 17555973?
3, 5851991
List the prime factors of 47673431.
13, 233, 15739
List the prime factors of 1464685095.
3, 5, 113, 864121
List the prime factors of 1140910342.
2, 11, 13, 101, 127, 311
What are the prime factors of 289174112?
2, 2857, 3163
List the prime factors of 6102473628.
2, 3, 31, 281, 58379
What are the prime factors of 219782312?
2, 31, 151, 5869
List the prime factors of 469276497.
3, 19, 101641
What are the prime factors of 149685363?
3, 19, 191, 4583
What are the prime factors of 235169598?
2, 3, 67, 584999
List the prime factors of 25878116.
2, 11, 701, 839
List the prime factors of 90758689.
7, 12965527
List the prime factors of 345768060.
2, 3, 5, 11, 139, 3769
List the prime factors of 1719849071.
34217, 50263
What are the prime factors of 9072472?
2, 1134059
List the prime factors of 14263020.
2, 3, 5, 61, 433
List the prime factors of 44133918.
2, 3, 23, 319811
List the prime factors of 72494455.
5, 11, 233, 5657
What are the prime factors of 2080754069?
31, 67121099
List the prime factors of 45881245.
5, 9176249
What are the prime factors of 189760769?
11, 251, 68729
What are the prime factors of 1143915191?
2213, 516907
List the prime factors of 206548662.
2, 3, 227, 151651
What are the prime factors of 11791232?
2, 92119
List the prime factors of 1055251954.
2, 1669, 316133
What are the prime factors of 1505656280?
2, 5, 47, 883, 907
List the prime factors of 212992430.
2, 5, 7, 3042749
List the prime factors of 464715949.
271, 1714819
What are the prime factors of 2450168062?
2, 157, 7803083
List the prime factors of 257469485.
5, 7, 13, 565867
What are the prime factors of 63903547?
43, 739, 2011
List the prime factors of 13085019.
3, 17, 85523
List the prime factors of 1399386205.
5, 7, 39982463
What are the prime factors of 316258176?
2, 3, 13, 63353
What are the prime factors of 1318298052?
2, 3, 19, 479, 12071
What are the prime factors of 27540664?
2, 79, 43577
What are the prime factors of 3685068792?
2, 3, 163, 313997
What are the prime factors of 22171346?
2, 11085673
What are the prime factors of 1498775688?
2, 3, 229, 90901
List the prime factors of 43701656.
2, 23, 237509
List the prime factors of 2660896285.
5, 683, 733, 1063
List the prime factors of 2274008802.
2, 3, 13, 47, 620297
List the prime factors of 740261990.
2, 5, 13, 5694323
What are the prime factors of 187488682?
2, 17, 31, 177883
List the prime factors of 864717632.
2, 607, 22259
List the prime factors of 3913809262.
2, 11, 177900421
What are the prime factors of 74427268?
2, 18606817
List the prime factors of 199157037.
3, 43, 59, 137, 191
List the prime factors of 1909056077.
15643, 122039
What are the prime factors of 340499242?
2, 53, 3212257
List the prime factors of 1529165141.
7, 61, 107, 33469
What are the prime factors of 3529790735?
5, 705958147
What are the prime factors of 260609394?
2, 3, 43434899
What are the prime factors of 5414087795?
5, 1082817559
What are the prime factors of 266796568?
2, 33349571
List the prime factors of 829562794.
2, 43, 9646079
List the prime factors of 117113311.
7, 16730473
List the prime factors of 1251996824.
2, 13, 17, 37, 19139
What are the prime factors of 7137956673?
3, 29, 27348493
What are the prime factors of 370555483?
370555483
List the prime factors of 55599616.
2, 31, 113
List the prime factors of 4738666412.
2, 6173, 191911
List the prime factors of 116759559.
3, 7, 5559979
List the prime factors of 1993912798.
2, 113, 8822623
List the prime factors of 311795930.
2, 5, 1129, 27617
Li